 is the tens digit of s?
9
Let v = 8 + -5. Let r(w) = 4*w - w + v*w. What is the tens digit of r(3)?
1
Let q = 16 + -10. Let i(j) = j**2 - 5*j + 1. What is the units digit of i(q)?
7
Let r(p) be the first derivative of -p**6/360 + p**5/20 + p**4/6 + 2*p**3/3 + 3. Let g(j) be the third derivative of r(j). What is the units digit of g(5)?
9
Let m be (2 + 4)*2/3. Suppose -5*s + 12 - 3 = -j, -m*s = -3*j - 5. Suppose o - 3 - 6 = -2*k, -k + 12 = s*o. What is the units digit of o?
5
Let v = -10 - -34. What is the tens digit of v?
2
Let v(g) = -27*g - 1. What is the units digit of v(-1)?
6
Let m(h) = -h**2 + 0*h**2 - 2*h - 3*h - 2 + 12*h. Let g = 2 + 3. What is the units digit of m(g)?
8
Let q = 269 - 179. What is the tens digit of q?
9
Let x be 3/(-9) - (-10)/(-6). Let m = x - -4. What is the units digit of m?
2
Suppose r = -l - 5, -31 = 5*l + r + 2*r. Let q = l + 15. What is the units digit of q?
7
Suppose -3*a + 10 = 5*f - 15, 11 = -2*f + 3*a. Let r = -6 - -12. What is the units digit of (3/r)/(f/32)?
8
Suppose 0 = 3*p - 1037 - 178. What is the tens digit of p?
0
Let g(t) = t + 55. Let i be g(0). Suppose 0*k + i = 5*k. What is the tens digit of k?
1
Let x(j) = -2*j - 3. Let v be x(-3). Suppose 0 = -p + v*p. Suppose p = 2*b + 3*b - 20. What is the units digit of b?
4
Let i = 590 - 140. What is the units digit of i?
0
Let t = -22 + 32. Suppose -t = -2*c + 4. What is the units digit of c?
7
Let k = 131 + -46. What is the units digit of k?
5
Let f(s) = -s**3 - s**2 + s + 178. What is the units digit of f(0)?
8
Suppose -2*q + 2 = 6*a - a, 10 = -4*q - 3*a. Let s be q/(-6)*57/2. Suppose 4*h = 2*t - t + 16, s = 5*h - t. What is the units digit of h?
3
Let x be 6/(-9)*(2 + -5). Suppose -3*c = x*j - 29, -3*j + 98 = 2*j - c. What is the units digit of j?
9
Let q(x) = -22*x - 10. What is the tens digit of q(-4)?
7
Let i(r) = -28*r + 1. What is the hundreds digit of i(-9)?
2
Let f be ((-1)/2)/(2/(-20)). Let s = f - 2. What is the units digit of s?
3
Suppose -5*p + 36 = -9*p. Let z be -5 + 3 - (p + 1). Suppose n + j + 3 = z*j, 3*n + j = 55. What is the tens digit of n?
1
Let p(r) = -r + 25. Let m be p(0). Let i(b) = b**2 - 3*b. Let v be i(3). Suppose v = 4*z + 4*c + 1 - 25, 3*z - 4*c - m = 0. What is the units digit of z?
7
Suppose -4*v = -2*h + 46, v - 4*v - 32 = -h. What is the units digit of (-7)/v - (-2)/9?
1
Let a = -9 + -1. What is the units digit of ((-3)/(-5))/((-2)/a)?
3
Let i = 4 - -36. What is the units digit of i?
0
Let q(z) = z**2 + 2*z - 5. Let m be q(-4). Let n = m + -1. Suppose 3*t = -n*i - i + 27, 53 = 5*t + i. What is the units digit of t?
1
What is the hundreds digit of (-8)/52 + 2004/13?
1
Let g(a) = -1. Let v(q) = 2*q + 5. Let k(o) = 6*g(o) + v(o). What is the tens digit of k(6)?
1
Let a be ((-12)/9)/(4/(-18)). Let u be 1/((-9)/a + 1). What is the tens digit of 0 + 12 + 0/u?
1
Suppose 3*c - 473 = -z, c + 2*z - z = 157. What is the units digit of c?
8
Let s = 34 - 28. What is the units digit of s?
6
Let q(j) = -2*j + 49. What is the units digit of q(0)?
9
Suppose 2*y = 4*y + 10. Let j(v) = -7*v - 4. Let d be j(3). What is the units digit of (-10)/d - 3/y?
1
Let k(d) = -2*d - 1. Let a = 2 - -11. Suppose 0 = 2*t + 1 + a. What is the units digit of k(t)?
3
Let l(o) = o**3 - 6*o**2 + 13*o - 9. What is the hundreds digit of l(9)?
3
Let o = -8 - -1. Let h(f) = 5*f**3 - 14*f**2 + 12*f - 5. Let y(x) = -2*x**3 + 7*x**2 - 6*x + 3. Let q(l) = o*y(l) - 3*h(l). What is the units digit of q(-8)?
0
Let w(f) = f**2 - 11*f + 13. What is the units digit of w(12)?
5
Let j = 0 - 0. Suppose -2*b + 6 - 2 = 0. What is the units digit of b - 0 - (j + -1)?
3
Let h(f) = -f**2 - 5*f + 6. Let u be h(-6). Suppose 0*l = -4*x + 4*l + 44, -3*x - 3*l + 3 = u. What is the units digit of x?
6
What is the tens digit of (1518/16)/3 + (-15)/(-40)?
3
Let h(t) = -t**3 - 3*t**2 - 4*t - 2. Let i be h(-2). Suppose 5*m - i = 23. Suppose m + 4 = u. What is the units digit of u?
9
Let y be (-5)/10*(1 - 9). Suppose c = -4*c - 5*j + 50, 2*c = y*j + 8. What is the units digit of c?
8
Let s = -93 + 130. What is the units digit of s?
7
What is the units digit of -2 - (-4)/(8/46)?
1
Suppose -23 = -3*p - 2*w, -2*p + 4*p + 2*w - 18 = 0. Let j be ((-8)/(-10))/(4/140). Suppose -15 = -3*a, -2*r + j = -3*a + p*a. What is the units digit of r?
9
Let u(v) = v**2 + 4*v + 1. Let z be u(-3). What is the units digit of (-1)/(z/4) + 9?
1
Let x = 113 - 44. What is the tens digit of x?
6
Suppose -67 = 5*u - 2*u - 5*c, -5*u - 2*c - 60 = 0. Let q be (-136)/(-6) - 40/(-30). Let w = u + q. What is the units digit of w?
0
Let s(t) = -2*t + 1. Let l be s(-1). Let g(r) = -r + 9 - r + 0*r + l*r. What is the units digit of g(-5)?
4
Suppose -90 = -6*f + f. What is the tens digit of f?
1
Suppose -3*j + 35 = 3*w + 2*w, -5*j + 17 = -2*w. Suppose 3*i - w = -i. What is the units digit of i?
1
Suppose -2*d = -3*d + 10. Suppose c = -u - 18, -2*c + u = -c + d. What is the units digit of (1 + 2)/((-3)/c)?
4
Let h = -4 - -1. What is the units digit of -14*(1 + h/2)?
7
Let j be (-4)/(-18) + (-80)/(-45). What is the units digit of 26/10 - j/(-5)?
3
Let a(n) = 4*n**3 - n - 1. Let o be a(-1). What is the tens digit of (3 + o)/((-1)/12)?
1
Let i(l) = -14*l + 4. What is the tens digit of i(-11)?
5
Let m be 4 + -2 - (-146)/2. Suppose -6*r + m = -r. What is the tens digit of r?
1
Let z(d) = 10*d + 3. Let i be z(3). Suppose 88 = 5*t + i. What is the units digit of t?
1
Suppose -1 = b, 4*g + 2*b - 932 = -2*b. What is the hundreds digit of g?
2
Let r(h) = -h + 9. Let l be r(6). Suppose 0 = l*o - 69. What is the tens digit of o?
2
Suppose -5*q = -h - 454, 5*q - 3*h - 117 = 345. What is the tens digit of q?
9
Suppose -4*p - t - 77 = -18, 52 = -2*p + 4*t. Let f = 25 + p. What is the units digit of f?
9
Let c = -81 + 143. What is the tens digit of c?
6
Suppose 0 = 4*c - 0*q + q - 336, -5*c + 403 = -3*q. What is the tens digit of c?
8
Let z(p) = -p + 1. Let w(s) be the third derivative of -s**4/12 + 5*s**3/6 + 4*s**2. Let t(f) = -w(f) + 3*z(f). What is the units digit of t(-8)?
6
Let u = 4 - -1. Suppose 3 = 6*q - u*q. What is the units digit of (14 - -1 - q) + 2?
4
What is the tens digit of 5/(-6) + (-4067)/(-42)?
9
Let t = 1 + 25. What is the units digit of t?
6
What is the units digit of (6/4)/(40/2320)?
7
Suppose 0*k = -5*r - k + 619, -5*k = 4*r - 491. Suppose r - 13 = 3*n. What is the tens digit of n?
3
Suppose -2*n - 9 = -3*n - t, -n = 3*t - 7. Suppose -n = -5*c - 0. What is the units digit of c/(-3)*6/(-4)?
1
Let k be (4/5)/(4/10). Suppose -3*y + 12 = 0, -10 = 3*o + k*o - 5*y. Suppose -t + o = -0. What is the units digit of t?
2
Let q be (-6)/8*(-1 + -3). Let g = -6 - 0. What is the tens digit of (q/g)/((-2)/44)?
1
Let u = -3 - -31. What is the units digit of u?
8
Suppose 4*f + 3*c = c + 112, f - 10 = -5*c. What is the units digit of f?
0
Suppose h - 5*z = 45, -2*h + 4*z = h - 135. Suppose 0 = -0*g + 5*g - h. What is the units digit of g?
9
Let x(p) = -p**3 - 4*p**2 - 3*p + 1. Let j(z) = -z**2 - 7*z - 7. Let w be j(-6). Let b be (1/(-2))/(w/(-6)). What is the units digit of x(b)?
1
Suppose 0*i + 285 = 5*i. What is the units digit of i?
7
Let i(a) = 2*a**2 + 10*a. What is the tens digit of i(-8)?
4
Suppose -3*c + 15 = -6*c. Let f = c - -8. Suppose -f*q - 2*q + 75 = 0. What is the tens digit of q?
1
Let r = 4 + 38. What is the units digit of r?
2
What is the tens digit of (-9)/(-18)*((0 - 0) + 202)?
0
Let z(x) = -x**3 - 12*x**2 - 13*x - 12. Let g be z(-11). Let r = -6 + -3. Let u = r + g. What is the units digit of u?
1
Let n = -12 - -17. Let u(b) be the second derivative of -b**4/12 + b**3 + 7*b**2/2 - 32*b. What is the tens digit of u(n)?
1
Let a be 2/4*(4 - -38). Let j = a + -46. Let x = j - -41. What is the units digit of x?
6
What is the tens digit of 602/12 + 13/(-78)?
5
Let u(f) = -f**2 + 5*f - 6. Let b be u(4). What is the units digit of (-4)/8 - 79/b?
9
Suppose 0 = 3*v + m - 19, 3*v - 18 = 2*m + 16. Let f = 11 - v. Suppose -4*d = -4*z - 52, d - f*z = -4*d + 61. What is the units digit of d?
1
Let t(y) = y + 25. What is the units digit of t(0)?
5
Suppose 4*n - c - 410 = 2*c, 0 = 5*n + 4*c - 528. What is the units digit of n?
4
Let w be (-3)/12 + 18/8. Suppose 0 = -3*r + 2*r + 4*h - 8, r + 5*h - 10 = 0. Suppose w*x + 3*m = 35, 